 the highest common divisor of f and 72.
8
Suppose 2936 = 8*h + 2576. Calculate the highest common factor of 45 and h.
45
Let z be 3/2*(-98)/7. Let y(s) = s**3 + 24*s**2 + 50*s + 33. Let w be y(z). What is the greatest common divisor of 17 and w?
17
Suppose 0*y + 24*y = 4438 + 4850. Calculate the greatest common divisor of 81 and y.
9
Suppose -4*t + 1144 = -3628. Let a = -12790 - -12790. Suppose a = -4*w - l + t, 0*w - 3*l = -4*w + 1173. Calculate the greatest common factor of w and 27.
27
Suppose 62*q + 1925 = -3*g + 60*q, -2*q - 1284 = 2*g. Let z = g + 693. What is the greatest common factor of 494 and z?
26
Let q(t) = 2*t**2 + 16*t + 324. Let s be q(22). Suppose -50*g - 644 = -s. Calculate the greatest common divisor of 310 and g.
10
Suppose -3*i - 5*u = -0*i - 94, -5*u = -2*i + 71. Suppose -4*x - 38 = -14, -4*x + 504 = 4*j. What is the highest common divisor of j and i?
33
Let d(g) = -3301*g + 2519. Let p be d(-5). Calculate the highest common factor of 123 and p.
41
Suppose -241 + 55 = -3*w. Suppose -4*v = -3*a + 410, 4*v = 40*a - 43*a + 370. Suppose 8*c = a + w. Calculate the highest common divisor of c and 32.
8
Let x = 3461 - 2018. Suppose 1347 = 9*i - x. What is the greatest common factor of 20 and i?
10
Let v be (540/8)/((-2)/(-4)). Suppose -4*g = -13*g + v. Let r = g - 1. What is the highest common divisor of r and 56?
14
Let y(i) = i**2 - 2*i - 3. Let l be y(-3). Let q = 13 + l. Let k = -20 + q. Calculate the highest common factor of k and 15.
5
Suppose 0 = 4*u - 5*o + 517, 2*u + 269 = -0*u - o. Let a = -77 - u. What is the highest common factor of 16 and a?
8
Let i = -114 + 170. Suppose 0 = -2*n - 2*d + i, -n - 6*d + 9*d = -48. Calculate the highest common factor of n and 55.
11
Suppose 20 = 8*p - 36. Suppose -3*t + 25 = p. What is the highest common factor of 12 and t?
6
Suppose -m + 3*u = -762, 7*u = 10*m + 2*u - 7745. What is the highest common divisor of m and 2553?
111
Let m(t) = t**3 + t**2 - 3*t + 9. Let l be m(2). Calculate the highest common divisor of l and 555.
15
Suppose -4 = 103*r - 104*r. Suppose 2*i = 7*i + 4*t - 1091, 856 = r*i - t. What is the highest common divisor of 86 and i?
43
Suppose 0 = -7*p + 618 + 33. Suppose 7*y = -p - 47. Let c = -7 - y. What is the greatest common divisor of c and 117?
13
Let o = -850 - -900. Let f = -29 - -41. Let c = f - -8. Calculate the greatest common divisor of o and c.
10
Let n = -5901 + 8238. Calculate the highest common divisor of 456 and n.
57
Let w be ((-72)/(-63))/((-60)/(-36330)). What is the greatest common divisor of 4 and w?
4
Let m(h) = 9*h + 119. Let j be m(-13). Let d(r) = 36*r**3 - 3*r + 3. Let u be d(j). What is the highest common factor of 19 and u?
19
Suppose 1026 - 5366 = 20*w. Let n = w + 225. Calculate the greatest common factor of 128 and n.
8
Suppose 22*j - 23*j = 4, -4*s + 228 = -5*j. Calculate the highest common factor of s and 884.
52
Let t be -20*6/(-72) - 2/(-6). Let q be ((-48)/144)/(t/(-54)). Calculate the greatest common divisor of q and 441.
9
Let i be 226/6 + (-1)/18*-6. Let v = -293 + 312. What is the highest common factor of i and v?
19
Let i = 149 + -128. Suppose 0 = 6*g - 3*g - 2*u - 237, 4*g + u = 305. Calculate the highest common divisor of g and i.
7
Suppose -8*t = -610 + 346. Calculate the highest common divisor of 129 and t.
3
Let r be ((-2800)/48)/(14/(-42)). What is the greatest common divisor of r and 378?
7
Let i be ((-459)/1)/((-177)/531). Calculate the greatest common divisor of i and 324.
81
Let s = 93 + -90. Let b be 2*s*(-8 + (19 - 10)). What is the highest common divisor of b and 24?
6
Suppose -194*n + 1196580 = -40*n. What is the highest common factor of 63 and n?
21
Let p be (-120)/(-50 + 30)*(-6861)/(-2). What is the greatest common divisor of p and 9?
9
Suppose 0 = p, -l + 0*p = p - 8. Let q be (0*(-4)/l)/(-1). Suppose q = 4*v - 36 - 4. Calculate the greatest common divisor of v and 2.
2
Suppose 2*q + 230*h = 227*h + 723, -3*h + 9 = 0. What is the greatest common factor of 336 and q?
21
Let k = -407 + 278. Let v = -101 - k. Calculate the greatest common divisor of 476 and v.
28
Let w = -305 + 11. Let o be 3 + -4 - (2 - -7). Let z be (w/35)/(4/o). Calculate the greatest common factor of 14 and z.
7
Let u = -2623 - -2663. Calculate the greatest common divisor of 1370 and u.
10
Suppose 17560 + 7974 = 4*h - 5*v, -h + 4*v = -6378. Calculate the greatest common divisor of h and 62.
62
Let x be 117/(-468)*(-2260)/1. Calculate the highest common factor of x and 20.
5
Suppose 6*f - 23 = 7. Suppose 13 = 4*m + f. Suppose -36 = -u - m*u. Calculate the greatest common divisor of u and 3.
3
Let i(d) = 22*d**2 - 72*d + 402. Let x be i(7). Calculate the greatest common divisor of x and 549.
61
Let p(h) = -186*h - 118. Let r be p(-7). Let u(v) = 21*v + 37. Let a be u(0). What is the highest common factor of a and r?
37
Let m(r) = -248*r - 2913. Let l be m(-12). Calculate the highest common divisor of 5271 and l.
21
Let d = 268 - 113. Let b = -146 + d. Let x be (-4 - -5)/(1/36). What is the greatest common factor of x and b?
9
Let h(c) = 67*c**2 + c - 8. Let i be 4*4/(-32)*4. Let z be h(i). What is the highest common factor of z and 6?
6
Suppose 57*n = -153*n + 40950. Calculate the highest common factor of n and 1833.
39
Let r(z) be the first derivative of z**4/4 - 8*z**3 + 15*z**2/2 - 3*z + 137. Let k be r(24). Calculate the highest common factor of k and 21.
21
Suppose 114*b = 93*b + 504. Calculate the greatest common divisor of b and 66.
6
Suppose 152*o - 1994 = 18065 - 3339. What is the highest common divisor of 1034 and o?
22
Suppose g - 24 = -25, 14 = 3*t - 2*g. Suppose -t*w = 4*w - 72. Let i = 58 + 5. What is the highest common factor of w and i?
9
Suppose -22079 = -2*g + 5*y, -161*y = -g - 163*y + 11062. Calculate the greatest common factor of 36 and g.
36
Suppose y - 3 - 2 = 0. Let h be (15/(-30))/((-1)/194). Let w = -57 + h. Calculate the greatest common factor of w and y.
5
Let f = 3007 - 3004. What is the greatest common divisor of 597 and f?
3
Let d be -8 - (-5957 + -18 + 3). Calculate the highest common divisor of 154 and d.
14
Let d be (-1*(-1 - 0))/((-5)/(-25)). Suppose -151 = -d*m - 31. Suppose 3*z = 2*o + 34, -m = -4*z - o + 14. Calculate the greatest common factor of 90 and z.
10
Let w(k) = -k + 11. Let m be w(8). Let y = 26 - m. Suppose 1180 + 108 = 8*h. What is the highest common divisor of h and y?
23
Let q be 2312/11 - (-92)/(-506). Calculate the greatest common factor of 98 and q.
14
Suppose -2348 = 12*k - 16868. Calculate the greatest common factor of 440 and k.
110
Let v(f) = -6*f + 140. Let y be v(23). Suppose 2*i = y, 9 = 2*h - 2*i - 123. Calculate the greatest common divisor of 402 and h.
67
Suppose -34*z - 11460 = -49*z. Calculate the greatest common divisor of 4 and z.
4
Let c = -89 - -92. Suppose c*g + 2*g + 25 = 5*b, 3*g - 33 = -3*b. Let k be ((-64)/(-20))/(4/70). What is the greatest common factor of b and k?
8
Let i(n) = 3*n**2 - 48*n - 249. Let j be i(-12). Calculate the highest common divisor of 1683 and j.
33
Let x = 58 + -48. Suppose -9*n + 18 = -x*n. Let s be -51*(-2 - 0) - (20 + n). What is the greatest common factor of s and 10?
10
Suppose -49*x + 65*x - 480 = 0. Calculate the greatest common factor of x and 102.
6
Suppose -160*c - 1614 = -4*k - 155*c, -4*k - 3*c = -1566. What is the greatest common divisor of 100 and k?
4
Suppose 236 + 420 = 3*j + 5*r, -r = -1. Let t(n) = n**3 + 6*n**2 - 2*n - 5. Let d be t(-6). What is the highest common factor of d and j?
7
Let x be -17 - ((-3)/(-10) - 29882/1340). Let m(h) = 10*h**3 + h - 3. Let f be m(3). Calculate the highest common factor of f and x.
5
Suppose 5*s = 3*f - 3 + 4, 49 = 3*f + 5*s. Suppose -5 = f*p - 21. Let j be 1*(-3 - -21 - p). What is the highest common factor of j and 8?
8
Let p = -1059 + 1056. Let w be (-9)/p - (-36 + 6). Suppose -2*z = -2*h + 30, 2*z = -2*h + 5*z + 34. What is the greatest common factor of h and w?
11
Suppose 0*l + 2*o = 4*l - 36, 4*o - 49 = -3*l. Suppose -3434*s - 2*m + 327 = -3431*s, -s - 3*m + 144 = 0. Calculate the greatest common factor of l and s.
11
Let j(b) = -b - 1. Let c(t) = t**2 - 20*t + 11. Let p(f) = c(f) - 5*j(f). Let a be p(10). Let d = a - -70. What is the greatest common factor of 18 and d?
18
Suppose -